{"id":61,"date":"2017-08-01T12:30:01","date_gmt":"2017-08-01T15:30:01","guid":{"rendered":"http:\/\/rodrigovenancioverissimo.16mb.com\/davi\/?page_id=61"},"modified":"2026-02-05T11:38:53","modified_gmt":"2026-02-05T14:38:53","slug":"apresentacao","status":"publish","type":"page","link":"https:\/\/lavi2.ic.ufmt.br\/davi\/apresentacao\/","title":{"rendered":"Apresenta\u00e7\u00e3o"},"content":{"rendered":"<p><\/p>\n<div style=\"max-width: 1000px; margin: 0 auto; font-family: Arial, sans-serif; line-height: 1.6; color: #333;\">\n<h2 style=\"text-align: center; text-decoration: underline; font-size: 28px; margin-bottom: 30px; color: #2c3e50;\">\n        <b>PROJETOS EM DESENVOLVIMENTO<\/b><br \/>\n    <\/h2>\n<p>    <!-- Primeiro Projeto --><\/p>\n<div style=\"background-color: #f9f9f9; border: 1px solid #ddd; border-radius: 8px; padding: 20px; margin-bottom: 40px; box-shadow: 0 2px 5px rgba(0,0,0,0.1);\">\n<h3 style=\"text-align: center; font-size: 22px; margin-bottom: 10px; color: #34495e;\">\n            Sistemas Gerenciados de Legado Digital: Do Social ao T\u00e9cnico<br \/>\n        <\/h3>\n<p style=\"text-align: center; font-size: 16px; margin-bottom: 20px;\">\n            <b>Per\u00edodo de Execu\u00e7\u00e3o:<\/b> In\u00edcio: 01\/04\/2022 &#8211; Fim: 31\/03\/2027\n        <\/p>\n<h4 style=\"font-size: 18px; margin-bottom: 10px; color: #2980b9;\">Descri\u00e7\u00e3o<\/h4>\n<p style=\"margin-bottom: 15px;\">\n            Considerando que esta pesquisa abarca diferentes contextos e aplica\u00e7\u00f5es, e se desdobra em sua execu\u00e7\u00e3o em distintos trabalhos de inicia\u00e7\u00e3o cient\u00edfica e de p\u00f3s-gradua\u00e7\u00e3o endere\u00e7ados em metas e objetivos espec\u00edficos e, o projeto agregador, em tela, tem como objetivo geral gerar, organizar e disponibilizar dados, artefatos e experi\u00eancias formativas \u00fateis a sistemas de gerenciamento de legado digital, para a academia e para a ind\u00fastria.\n        <\/p>\n<p style=\"margin-bottom: 15px;\">\n            As metas do projeto foram tra\u00e7adas a partir dos seguintes assuntos:\n        <\/p>\n<ul style=\"list-style-type: disc; margin-left: 20px; margin-bottom: 20px;\">\n<li>Levantamento de dados da tem\u00e1tica<\/li>\n<li>Modelagem de Solu\u00e7\u00f5es: Proje\u00e7\u00e3o de artefatos de software<\/li>\n<li>Estudo e proposi\u00e7\u00e3o de abordagens normativas<\/li>\n<li>Educa\u00e7\u00e3o para a morte e legado digital<\/li>\n<li>An\u00e1lise da Intera\u00e7\u00e3o P\u00f3stuma e Arte Digital<\/li>\n<li>Gerenciamento do Projeto<\/li>\n<\/ul>\n<h4 style=\"font-size: 18px; margin-bottom: 10px; color: #2980b9;\">Outras Institui\u00e7\u00f5es Envolvidas no Projeto:<\/h4>\n<ul style=\"list-style-type: disc; margin-left: 20px;\">\n<li>Universidade Tecnol\u00f3gica Federal do Paran\u00e1 (UTFPR)<\/li>\n<li>Universidade de Bras\u00edlia (UnB)<\/li>\n<li>Universidade Federal Fluminense (UFF)<\/li>\n<li>Universidade de S\u00e3o Paulo (USP)<\/li>\n<li>Universidade Federal do Cear\u00e1 (UFC)<\/li>\n<li>Universidade Federal do Estado do Rio de Janeiro (Unirio)<\/li>\n<\/ul><\/div>\n<p>    <!-- Sobre o DAVI --><\/p>\n<div style=\"text-align: center; margin-bottom: 40px;\">\n<h3 style=\"font-size: 20px; margin-bottom: 15px; color: #34495e;\"><b>Sobre o DAVI:<\/b><\/h3>\n<div style=\"position: relative; padding-bottom: 75%; height: 0; overflow: hidden; max-width: 100%; margin: 0 auto;\">\n            <iframe src=\"https:\/\/drive.google.com\/file\/d\/1heGil7vhdbx4i3vw0wftB6xRlrPuswSw\/preview\" style=\"position: absolute; top: 0; left: 0; width: 100%; height: 100%;\" allow=\"autoplay\"><\/iframe>\n        <\/div>\n<\/p><\/div>\n<p>    <!-- Segundo Projeto --><\/p>\n<div style=\"background-color: #f9f9f9; border: 1px solid #ddd; border-radius: 8px; padding: 20px; margin-bottom: 40px; box-shadow: 0 2px 5px rgba(0,0,0,0.1);\">\n<h3 style=\"text-align: center; font-size: 22px; margin-bottom: 10px; color: #34495e;\">\n            DAVI na escola: Estrat\u00e9gias educacionais para ressignifica\u00e7\u00e3o da vida, morte e do legado digital<br \/>\n        <\/h3>\n<p style=\"text-align: center; font-size: 16px; margin-bottom: 10px;\">\n            <b>Financiamento:<\/b> Edital FAPEMAT 008\/2022 &#8211; Humanas, Sociais, Lingu\u00edstica, Letras e Arte\n        <\/p>\n<p style=\"text-align: center; font-size: 16px; margin-bottom: 20px;\">\n            <b>Per\u00edodo de Execu\u00e7\u00e3o:<\/b> 2022-2023\n        <\/p>\n<h4 style=\"font-size: 18px; margin-bottom: 10px; color: #2980b9;\">Descri\u00e7\u00e3o<\/h4>\n<p style=\"margin-bottom: 15px;\">\n            O projeto tem como objetivo geral promover debates e discuss\u00f5es das tem\u00e1ticas vida, morte e legado e sua reconfigura\u00e7\u00e3o no contexto da cultura digital com estudantes da Educa\u00e7\u00e3o B\u00e1sica e Ensino Superior que resultar\u00e3o na constru\u00e7\u00e3o coletiva de uma plataforma (site) denominado \u201cDAVI na escola\u201d composto de material did\u00e1tico multim\u00eddia, acervo de materiais art\u00edsticos, jogos emp\u00e1ticos e orienta\u00e7\u00f5es para utiliza\u00e7\u00e3o dos recursos em diversas estrat\u00e9gias educativas.\n        <\/p>\n<h4 style=\"font-size: 18px; margin-bottom: 10px; color: #2980b9;\">Outras Institui\u00e7\u00f5es Envolvidas no Projeto:<\/h4>\n<ul style=\"list-style-type: disc; margin-left: 20px;\">\n<li>Universidade Tecnol\u00f3gica Federal do Paran\u00e1 (UTFPR)<\/li>\n<li>Universidade de Bras\u00edlia (UnB)<\/li>\n<li>Universidade Federal Fluminense (UFF)<\/li>\n<li>Universidade de S\u00e3o Paulo (USP)<\/li>\n<li>Universidade Federal do Cear\u00e1 (UFC)<\/li>\n<li>Universidade Federal do Estado do Rio de Janeiro (Unirio)<\/li>\n<\/ul><\/div>\n<h2 style=\"text-align: center; text-decoration: underline; font-size: 28px; margin-bottom: 30px; color: #2c3e50;\">\n        <b>PROJETOS CONCLU\u00cdDOS<\/b><br \/>\n    <\/h2>\n<p>    <!-- Projeto Conclu\u00eddo --><\/p>\n<div style=\"background-color: #f9f9f9; border: 1px solid #ddd; border-radius: 8px; padding: 20px; margin-bottom: 40px; box-shadow: 0 2px 5px rgba(0,0,0,0.1);\">\n<h3 style=\"text-align: center; font-size: 22px; margin-bottom: 10px; color: #34495e;\">\n            Projeto de Sistemas Face ao Pr\u00e9-gerenciamento do Legado Digital P\u00f3s-morte<br \/>\n        <\/h3>\n<p style=\"text-align: center; font-size: 16px; margin-bottom: 20px;\">\n            <b>Per\u00edodo de Execu\u00e7\u00e3o:<\/b> 2016-2022\n        <\/p>\n<h4 style=\"font-size: 18px; margin-bottom: 10px; color: #2980b9;\">Descri\u00e7\u00e3o<\/h4>\n<p style=\"margin-bottom: 15px;\">\n            <b>Objetivo Geral:<\/b> Investigar, \u00e0 luz dos princ\u00edpios t\u00e9cnicos, culturais e legais, o legado digital p\u00f3s-morte e propor solu\u00e7\u00f5es para a engenharia de sistemas computacionais no que se refere ao esp\u00f3lio digital deixado pelos propriet\u00e1rios das contas que falecem, por meio das expectativas dos atuais usu\u00e1rios da Internet.\n        <\/p>\n<p style=\"margin-bottom: 15px;\">\n            Alguns Assuntos abordados:\n        <\/p>\n<ul style=\"list-style-type: disc; margin-left: 20px; margin-bottom: 20px;\">\n<li>Formular diretrizes para a concep\u00e7\u00e3o de sistemas que considerem o destino do esp\u00f3lio digital via software e a gera\u00e7\u00e3o de orienta\u00e7\u00f5es para organismos normativos discutirem tal tem\u00e1tica.<\/li>\n<li>Investigar como aplica\u00e7\u00f5es Web, tais quais os memoriais digitais, t\u00eam sido desenvolvidas e qual a sua aceita\u00e7\u00e3o pelos usu\u00e1rios.<\/li>\n<li>Analisar a morte no contexto dos games.<\/li>\n<li>Discutir a imortalidade digital.<\/li>\n<\/ul>\n<h4 style=\"font-size: 18px; margin-bottom: 10px; color: #2980b9;\">Outras Institui\u00e7\u00f5es Envolvidas no Projeto:<\/h4>\n<ul style=\"list-style-type: disc; margin-left: 20px;\">\n<li>Pontif\u00edcia Universidade Cat\u00f3lica do Rio de Janeiro (PUC-Rio)<\/li>\n<li>The Open University<\/li>\n<li>Universidade de Bras\u00edlia (UnB)<\/li>\n<li>Universidade de S\u00e3o Paulo (USP)<\/li>\n<li>Universidade do Estado de Santa Catarina (UDESC)<\/li>\n<li>Universidade Estadual de Campinas (UNICAMP)<\/li>\n<li>Universidade Federal de Ci\u00eancias da Sa\u00fade de Porto Alegre (UFCSPA)<\/li>\n<li>Universidade Federal de Minas Gerais (UFMG)<\/li>\n<li>Universidade Federal do Cear\u00e1 (UFC)<\/li>\n<li>Universidade Federal do Estado do Rio de Janeiro (Unirio)<\/li>\n<li>Universidade Federal do Paran\u00e1 (UFPR)<\/li>\n<li>Universidade Federal do Rio de Janeiro (UFRJ)<\/li>\n<li>Universidade Federal Fluminense (UFF)<\/li>\n<li>Universidade Tecnol\u00f3gica Federal do Paran\u00e1 (UTFPR)<\/li>\n<\/ul><\/div>\n<\/div>\n<p><\/p>","protected":false},"excerpt":{"rendered":"<p>PROJETOS EM DESENVOLVIMENTO Sistemas Gerenciados de Legado Digital: Do Social ao T\u00e9cnico Per\u00edodo de Execu\u00e7\u00e3o: In\u00edcio: 01\/04\/2022 &#8211; Fim: 31\/03\/2027 Descri\u00e7\u00e3o Considerando que esta pesquisa abarca diferentes contextos e aplica\u00e7\u00f5es, e se desdobra em sua execu\u00e7\u00e3o em distintos trabalhos de inicia\u00e7\u00e3o cient\u00edfica e de p\u00f3s-gradua\u00e7\u00e3o endere\u00e7ados em metas e objetivos espec\u00edficos e, o projeto agregador, [&hellip;]<\/p>\n","protected":false},"author":1,"featured_media":0,"parent":0,"menu_order":0,"comment_status":"closed","ping_status":"closed","template":"","meta":{"_acf_changed":false,"_monsterinsights_skip_tracking":false,"_monsterinsights_sitenote_active":false,"_monsterinsights_sitenote_note":"","_monsterinsights_sitenote_category":0,"footnotes":""},"class_list":["post-61","page","type-page","status-publish","hentry"],"acf":[],"_links":{"self":[{"href":"https:\/\/lavi2.ic.ufmt.br\/davi\/wp-json\/wp\/v2\/pages\/61","targetHints":{"allow":["GET"]}}],"collection":[{"href":"https:\/\/lavi2.ic.ufmt.br\/davi\/wp-json\/wp\/v2\/pages"}],"about":[{"href":"https:\/\/lavi2.ic.ufmt.br\/davi\/wp-json\/wp\/v2\/types\/page"}],"author":[{"embeddable":true,"href":"https:\/\/lavi2.ic.ufmt.br\/davi\/wp-json\/wp\/v2\/users\/1"}],"replies":[{"embeddable":true,"href":"https:\/\/lavi2.ic.ufmt.br\/davi\/wp-json\/wp\/v2\/comments?post=61"}],"version-history":[{"count":8,"href":"https:\/\/lavi2.ic.ufmt.br\/davi\/wp-json\/wp\/v2\/pages\/61\/revisions"}],"predecessor-version":[{"id":1039,"href":"https:\/\/lavi2.ic.ufmt.br\/davi\/wp-json\/wp\/v2\/pages\/61\/revisions\/1039"}],"wp:attachment":[{"href":"https:\/\/lavi2.ic.ufmt.br\/davi\/wp-json\/wp\/v2\/media?parent=61"}],"curies":[{"name":"wp","href":"https:\/\/api.w.org\/{rel}","templated":true}]}}