{"id":197,"date":"2024-05-11T11:59:09","date_gmt":"2024-05-11T11:59:09","guid":{"rendered":"https:\/\/davinaescola.xyz\/?page_id=197"},"modified":"2025-06-30T19:10:52","modified_gmt":"2025-06-30T19:10:52","slug":"recursos-educacionais","status":"publish","type":"page","link":"https:\/\/lavi2.ic.ufmt.br\/davinaescola\/recursos-educacionais\/","title":{"rendered":"Recursos Educacionais"},"content":{"rendered":"\t\t<div data-elementor-type=\"wp-page\" data-elementor-id=\"197\" class=\"elementor elementor-197\" data-elementor-post-type=\"page\">\n\t\t\t\t<div class=\"elementor-element elementor-element-f3ab4f5 e-flex e-con-boxed e-con e-parent\" data-id=\"f3ab4f5\" data-element_type=\"container\" data-settings=\"{&quot;background_background&quot;:&quot;classic&quot;}\">\n\t\t\t\t\t<div class=\"e-con-inner\">\n\t\t<div class=\"elementor-element elementor-element-d0ae953 e-flex e-con-boxed e-con e-child\" data-id=\"d0ae953\" data-element_type=\"container\">\n\t\t\t\t\t<div class=\"e-con-inner\">\n\t\t<div class=\"elementor-element elementor-element-baeb813 e-con-full e-flex e-con e-child\" data-id=\"baeb813\" data-element_type=\"container\">\n\t\t\t\t<div class=\"elementor-element elementor-element-2e9c2e8 elementor-widget elementor-widget-image\" data-id=\"2e9c2e8\" data-element_type=\"widget\" data-widget_type=\"image.default\">\n\t\t\t\t<div class=\"elementor-widget-container\">\n\t\t\t\t\t\t\t\t\t\t\t\t\t\t\t\t<a href=\"https:\/\/lavi2.ic.ufmt.br\/davinaescola\/\">\n\t\t\t\t\t\t\t<img decoding=\"async\" width=\"43\" height=\"53\" src=\"https:\/\/lavi2.ic.ufmt.br\/davinaescola\/wp-content\/uploads\/2024\/05\/davitransp-06-1.png\" class=\"attachment-large size-large wp-image-16\" alt=\"\" \/>\t\t\t\t\t\t\t\t<\/a>\n\t\t\t\t\t\t\t\t\t\t\t\t\t\t\t<\/div>\n\t\t\t\t<\/div>\n\t\t\t\t<\/div>\n\t\t<div class=\"elementor-element elementor-element-49fa07b e-con-full e-flex e-con e-child\" data-id=\"49fa07b\" data-element_type=\"container\">\n\t\t\t\t<div class=\"elementor-element elementor-element-f47c532 elementor-widget elementor-widget-heading\" data-id=\"f47c532\" data-element_type=\"widget\" data-widget_type=\"heading.default\">\n\t\t\t\t<div class=\"elementor-widget-container\">\n\t\t\t\t\t<h1 class=\"elementor-heading-title elementor-size-default\"><a href=\"https:\/\/lavi2.ic.ufmt.br\/davinaescola\/\">In\u00edcio<\/a><\/h1>\t\t\t\t<\/div>\n\t\t\t\t<\/div>\n\t\t\t\t<\/div>\n\t\t<div class=\"elementor-element elementor-element-1ab6b34 e-con-full e-flex e-con e-child\" data-id=\"1ab6b34\" data-element_type=\"container\">\n\t\t\t\t<div class=\"elementor-element elementor-element-65d1331 elementor-widget elementor-widget-ekit-nav-menu\" data-id=\"65d1331\" data-element_type=\"widget\" data-widget_type=\"ekit-nav-menu.default\">\n\t\t\t\t<div class=\"elementor-widget-container\">\n\t\t\t\t\t\t\t<nav class=\"ekit-wid-con ekit_menu_responsive_tablet\" \n\t\t\tdata-hamburger-icon=\"\" \n\t\t\tdata-hamburger-icon-type=\"icon\" \n\t\t\tdata-responsive-breakpoint=\"1024\">\n\t\t\t            <button class=\"elementskit-menu-hamburger elementskit-menu-toggler\"  type=\"button\" aria-label=\"hamburger-icon\">\n                                    <span class=\"elementskit-menu-hamburger-icon\"><\/span><span class=\"elementskit-menu-hamburger-icon\"><\/span><span class=\"elementskit-menu-hamburger-icon\"><\/span>\n                            <\/button>\n            <div id=\"ekit-megamenu-main-menu\" class=\"elementskit-menu-container elementskit-menu-offcanvas-elements elementskit-navbar-nav-default ekit-nav-menu-one-page-no ekit-nav-dropdown-hover\"><ul id=\"menu-main-menu\" class=\"elementskit-navbar-nav elementskit-menu-po-right submenu-click-on-icon\"><li id=\"menu-item-10\" class=\"menu-item menu-item-type-custom menu-item-object-custom menu-item-10 nav-item elementskit-mobile-builder-content\" data-vertical-menu=750px><a href=\"https:\/\/lavi2.ic.ufmt.br\/davi\/sobre\/apresentacao\/\" class=\"ekit-menu-nav-link menu-link\">Sobre<\/a><\/li>\n<li id=\"menu-item-11\" class=\"menu-item menu-item-type-custom menu-item-object-custom menu-item-11 nav-item elementskit-mobile-builder-content\" data-vertical-menu=750px><a href=\"https:\/\/lavi2.ic.ufmt.br\/davinaescola\/recursos-educacionais\/\" class=\"ekit-menu-nav-link menu-link\">Recursos Educacionais<\/a><\/li>\n<li id=\"menu-item-13\" class=\"menu-item menu-item-type-custom menu-item-object-custom menu-item-13 nav-item elementskit-mobile-builder-content\" data-vertical-menu=750px><a href=\"https:\/\/lavi2.ic.ufmt.br\/davinaescola\/oficinas\/\" class=\"ekit-menu-nav-link menu-link\">Oficinas<\/a><\/li>\n<li id=\"menu-item-1293\" class=\"users-wp-menu users-wp-users-nav menu-item menu-item-type-custom menu-item-object-custom menu-item-1293 nav-item elementskit-mobile-builder-content\" data-vertical-menu=750px><a href=\"https:\/\/lavi2.ic.ufmt.br\/davinaescola\/users\/\" class=\"ekit-menu-nav-link menu-link\">Usu\u00e1rios<\/a><\/li>\n<li id=\"menu-item-1295\" class=\"users-wp-menu users-wp-register-nav menu-item menu-item-type-custom menu-item-object-custom menu-item-1295 nav-item elementskit-mobile-builder-content\" data-vertical-menu=750px><a href=\"https:\/\/lavi2.ic.ufmt.br\/davinaescola\/register\/\" class=\"ekit-menu-nav-link menu-link\">Registrar<\/a><\/li>\n<li id=\"menu-item-1296\" class=\"users-wp-menu users-wp-login-nav menu-item menu-item-type-custom menu-item-object-custom menu-item-1296 nav-item elementskit-mobile-builder-content\" data-vertical-menu=750px><a href=\"https:\/\/lavi2.ic.ufmt.br\/davinaescola\/login\/\" class=\"ekit-menu-nav-link menu-link\">Login<\/a><\/li>\n<\/ul><div class=\"elementskit-nav-identity-panel\"><button class=\"elementskit-menu-close elementskit-menu-toggler\" type=\"button\">X<\/button><\/div><\/div>\t\t\t\n\t\t\t<div class=\"elementskit-menu-overlay elementskit-menu-offcanvas-elements elementskit-menu-toggler ekit-nav-menu--overlay\"><\/div>        <\/nav>\n\t\t\t\t\t\t<\/div>\n\t\t\t\t<\/div>\n\t\t\t\t<\/div>\n\t\t<div class=\"elementor-element elementor-element-70a3b81 e-flex e-con-boxed e-con e-child\" data-id=\"70a3b81\" data-element_type=\"container\">\n\t\t\t\t\t<div class=\"e-con-inner\">\n\t\t\t\t<div class=\"elementor-element elementor-element-2076fe6 elementor-align-right elementor-hidden-tablet elementor-hidden-mobile elementor-widget elementor-widget-button\" data-id=\"2076fe6\" data-element_type=\"widget\" data-widget_type=\"button.default\">\n\t\t\t\t<div class=\"elementor-widget-container\">\n\t\t\t\t\t\t\t\t\t<div class=\"elementor-button-wrapper\">\n\t\t\t\t\t<a class=\"elementor-button elementor-button-link elementor-size-sm\" href=\"https:\/\/lavi2.ic.ufmt.br\/davinaescola\/#contato\">\n\t\t\t\t\t\t<span class=\"elementor-button-content-wrapper\">\n\t\t\t\t\t\t\t\t\t<span class=\"elementor-button-text\">Contato<\/span>\n\t\t\t\t\t<\/span>\n\t\t\t\t\t<\/a>\n\t\t\t\t<\/div>\n\t\t\t\t\t\t\t\t<\/div>\n\t\t\t\t<\/div>\n\t\t\t\t\t<\/div>\n\t\t\t\t<\/div>\n\t\t\t\t\t<\/div>\n\t\t\t\t<\/div>\n\t\t\t\t\t<\/div>\n\t\t\t\t<\/div>\n\t\t<div class=\"elementor-element elementor-element-fc1372d e-flex e-con-boxed e-con e-parent\" data-id=\"fc1372d\" data-element_type=\"container\">\n\t\t\t\t\t<div class=\"e-con-inner\">\n\t\t<div class=\"elementor-element elementor-element-3cee039 e-con-full e-flex e-con e-child\" data-id=\"3cee039\" data-element_type=\"container\">\n\t\t\t\t<div class=\"elementor-element elementor-element-26144ec elementor-widget elementor-widget-heading\" data-id=\"26144ec\" data-element_type=\"widget\" data-widget_type=\"heading.default\">\n\t\t\t\t<div class=\"elementor-widget-container\">\n\t\t\t\t\t<h2 class=\"elementor-heading-title elementor-size-default\">Explore os trabalhos divididos por categorias<\/h2>\t\t\t\t<\/div>\n\t\t\t\t<\/div>\n\t\t\t\t<div class=\"elementor-element elementor-element-041f504 elementor-widget elementor-widget-text-editor\" data-id=\"041f504\" data-element_type=\"widget\" data-widget_type=\"text-editor.default\">\n\t\t\t\t<div class=\"elementor-widget-container\">\n\t\t\t\t\t\t\t\t\t<p>Boas-vindas \u00e0 galeria de obras! Aqui, voc\u00ea encontrar\u00e1 uma vasta cole\u00e7\u00e3o de trabalhos organizados por categorias, facilitando sua navega\u00e7\u00e3o e descoberta. Seja na literatura, m\u00fasica, pintura ou outras formas de express\u00e3o art\u00edstica, cada categoria oferece uma rica sele\u00e7\u00e3o de obras cuidadosamente curadas. Mergulhe em cada se\u00e7\u00e3o, explore os diversos talentos e deixe-se inspirar pela criatividade e inova\u00e7\u00e3o presentes em cada trabalho.<\/p>\t\t\t\t\t\t\t\t<\/div>\n\t\t\t\t<\/div>\n\t\t\t\t<\/div>\n\t\t\t\t\t<\/div>\n\t\t\t\t<\/div>\n\t\t<div class=\"elementor-element elementor-element-840aa40 e-flex e-con-boxed e-con e-parent\" data-id=\"840aa40\" data-element_type=\"container\">\n\t\t\t\t\t<div class=\"e-con-inner\">\n\t\t<div class=\"elementor-element elementor-element-8ada93b e-flex e-con-boxed e-con e-child\" data-id=\"8ada93b\" data-element_type=\"container\">\n\t\t\t\t\t<div class=\"e-con-inner\">\n\t\t<div class=\"elementor-element elementor-element-1403c70 e-con-full e-flex e-con e-child\" data-id=\"1403c70\" data-element_type=\"container\" data-settings=\"{&quot;background_background&quot;:&quot;classic&quot;}\">\n\t\t\t\t<div class=\"elementor-element elementor-element-f2aa7a8 elementor-widget elementor-widget-shortcode\" data-id=\"f2aa7a8\" data-element_type=\"widget\" data-widget_type=\"shortcode.default\">\n\t\t\t\t<div class=\"elementor-widget-container\">\n\t\t\t\t\t\t\t<div class=\"elementor-shortcode\"><form method=\"get\"><div class=\"filterboxitem\"><input type=\"checkbox\" name=\"filtercategory[]\" id=\"memorial\" value=\"memorial\" \/><label for=\"memorial\">Memorial<\/label><\/div><div class=\"filterboxitem\"><input type=\"checkbox\" name=\"filtercategory[]\" id=\"cultural-practice\" value=\"cultural-practice\" \/><label for=\"cultural-practice\">Pr\u00e1tica Cultural<\/label><\/div><div class=\"filterboxitem\"><input type=\"checkbox\" name=\"filtercategory[]\" id=\"literature\" value=\"literature\" \/><label for=\"literature\">Literatura<\/label><\/div><div class=\"filterboxitem\"><input type=\"checkbox\" name=\"filtercategory[]\" id=\"music\" value=\"music\" \/><label for=\"music\">M\u00fasica<\/label><\/div><div class=\"filterboxitem\"><input type=\"checkbox\" name=\"filtercategory[]\" id=\"painting\" value=\"painting\" \/><label for=\"painting\">Pintura<\/label><\/div><div class=\"filterboxitem\"><input type=\"checkbox\" name=\"filtercategory[]\" id=\"digital-game\" value=\"digital-game\" \/><label for=\"digital-game\">Jogo Digital<\/label><\/div><div class=\"filterboxitem\"><input type=\"checkbox\" name=\"filtercategory[]\" id=\"digital-art\" value=\"digital-art\" \/><label for=\"digital-art\">Arte Digital<\/label><\/div><div class=\"filterboxitem\"><input type=\"checkbox\" name=\"filtercategory[]\" id=\"cinema\" value=\"cinema\" \/><label for=\"cinema\">Cinema<\/label><\/div><div class=\"filterboxitem\"><input type=\"checkbox\" name=\"filtercategory[]\" id=\"photography\" value=\"photography\" \/><label for=\"photography\">Fotografia<\/label><\/div><input type=\"submit\" value=\"Filter\"\/><\/form><\/div>\n\t\t\t\t\t\t<\/div>\n\t\t\t\t<\/div>\n\t\t\t\t<\/div>\n\t\t<div class=\"elementor-element elementor-element-52b458a e-flex e-con-boxed e-con e-child\" data-id=\"52b458a\" data-element_type=\"container\" data-settings=\"{&quot;background_background&quot;:&quot;classic&quot;}\">\n\t\t\t\t\t<div class=\"e-con-inner\">\n\t\t\t\t<div class=\"elementor-element elementor-element-9f5c4c8 elementor-widget elementor-widget-shortcode\" data-id=\"9f5c4c8\" data-element_type=\"widget\" data-widget_type=\"shortcode.default\">\n\t\t\t\t<div class=\"elementor-widget-container\">\n\t\t\t\t\t\t\t<div class=\"elementor-shortcode\"><div class=\"post_category_list_main\"><div class=\"post_category_list_item\"><h2><a href=\"https:\/\/lavi2.ic.ufmt.br\/davinaescola\/inumeraveis\/\">Inumer\u00e1veis<\/a><\/h2><p>Memorial dedicado \u00e0 hist\u00f3ria de cada uma das v\u00edtimas do coronav\u00edrus no Brasil.<\/p><p class=\"acf-author\"><strong>Autor:<\/strong> Edson Pavoni<\/p><a href=\"https:\/\/lavi2.ic.ufmt.br\/davinaescola\/login\/?redirect_to=https%3A%2F%2Flavi2.ic.ufmt.br%2Fdavinaescola%2Finumeraveis%2F\">Fa\u00e7a login para salvar<\/a><\/div><div class=\"post_category_list_item\"><h2><a href=\"https:\/\/lavi2.ic.ufmt.br\/davinaescola\/filme-a-partida\/\">Filme &#8220;A partida&#8221;<\/a><\/h2><p>O protagonista come\u00e7a a trabalhar como assistente funer\u00e1rio. Atrav\u00e9s dos ritos de despedida, o filme explora a aceita\u00e7\u00e3o da mortalidade, a ressignifica\u00e7\u00e3o da vida e a elabora\u00e7\u00e3o do luto.\u00a0<\/p><p class=\"acf-author\"><strong>Autor:<\/strong> Yojiro Takita<\/p><a href=\"https:\/\/lavi2.ic.ufmt.br\/davinaescola\/login\/?redirect_to=https%3A%2F%2Flavi2.ic.ufmt.br%2Fdavinaescola%2Ffilme-a-partida%2F\">Fa\u00e7a login para salvar<\/a><\/div><div class=\"post_category_list_item\"><h2><a href=\"https:\/\/lavi2.ic.ufmt.br\/davinaescola\/musica-aquarela\/\">M\u00fasica \u201cAquarela\u201d<\/a><\/h2><p>A m\u00fasica narra o ciclo natural da vida, da inf\u00e2ncia e da imagina\u00e7\u00e3o \u00e0 maturidade, sugerindo que o &quot;descolorir&quot; representa a perda de cor e vivacidade com o envelhecimento e a inevitabilidade do fim.<\/p><p class=\"acf-author\"><strong>Autor:<\/strong> Toquinho<\/p><a href=\"https:\/\/lavi2.ic.ufmt.br\/davinaescola\/login\/?redirect_to=https%3A%2F%2Flavi2.ic.ufmt.br%2Fdavinaescola%2Fmusica-aquarela%2F\">Fa\u00e7a login para salvar<\/a><\/div><div class=\"post_category_list_item\"><h2><a href=\"https:\/\/lavi2.ic.ufmt.br\/davinaescola\/musica-love-in-the-afternoon\/\">M\u00fasica &#8220;Love in the Afternoon&#8221;<\/a><\/h2><p>A letra aborda a dificuldade de aceitar perdas prematuras, com a famosa frase &quot;os bons morrem jovens&quot;, e reflete sobre a dor, a mem\u00f3ria e a tentativa de seguir em frente apesar da aus\u00eancia.<\/p><p class=\"acf-author\"><strong>Autor:<\/strong> Legi\u00e3o Urbana<\/p><a href=\"https:\/\/lavi2.ic.ufmt.br\/davinaescola\/login\/?redirect_to=https%3A%2F%2Flavi2.ic.ufmt.br%2Fdavinaescola%2Fmusica-love-in-the-afternoon%2F\">Fa\u00e7a login para salvar<\/a><\/div><div class=\"post_category_list_item\"><h2><a href=\"https:\/\/lavi2.ic.ufmt.br\/davinaescola\/livro-argonautas-do-pacifico-ocidental\/\">Livro \u201cArgonautas do Pac\u00edfico Ocidental\u201d<\/a><\/h2><p>\u00c9 uma obra relevante para a compreens\u00e3o da diversidade cultural. A morte \u00e9 um elemento presente atrav\u00e9s da observa\u00e7\u00e3o participante de Malinowski, que registrou diversos aspectos da vida e da morte na cultura trobriandesa, como falecimentos, rituais e eventos cerimoniais.<\/p><p class=\"acf-author\"><strong>Autor:<\/strong> Bronislaw Malinowski <\/p><a href=\"https:\/\/lavi2.ic.ufmt.br\/davinaescola\/login\/?redirect_to=https%3A%2F%2Flavi2.ic.ufmt.br%2Fdavinaescola%2Flivro-argonautas-do-pacifico-ocidental%2F\">Fa\u00e7a login para salvar<\/a><\/div><span aria-current=\"page\" class=\"page-numbers current\">1<\/span>\n<a class=\"page-numbers\" href=\"https:\/\/lavi2.ic.ufmt.br\/davinaescola\/wp-json\/wp\/v2\/pages\/197\/page\/2\/\">2<\/a>\n<a class=\"page-numbers\" href=\"https:\/\/lavi2.ic.ufmt.br\/davinaescola\/wp-json\/wp\/v2\/pages\/197\/page\/3\/\">3<\/a>\n<span class=\"page-numbers dots\">&hellip;<\/span>\n<a class=\"page-numbers\" href=\"https:\/\/lavi2.ic.ufmt.br\/davinaescola\/wp-json\/wp\/v2\/pages\/197\/page\/22\/\">22<\/a>\n<a class=\"next page-numbers\" href=\"https:\/\/lavi2.ic.ufmt.br\/davinaescola\/wp-json\/wp\/v2\/pages\/197\/page\/2\/\">Next &raquo;<\/a><\/div><script>\r\ndocument.querySelectorAll('.post_category_list_item').forEach(function(card) {\r\n    card.style.cursor = 'pointer';\r\n    card.addEventListener('click', function(e) {\r\n        if (e.target.closest('a')) return;\r\n        var link = card.querySelector('h2 a');\r\n        if (link) window.location = link.href;\r\n    });\r\n});\r\n<\/script><\/div>\n\t\t\t\t\t\t<\/div>\n\t\t\t\t<\/div>\n\t\t\t\t\t<\/div>\n\t\t\t\t<\/div>\n\t\t\t\t\t<\/div>\n\t\t\t\t<\/div>\n\t\t\t\t\t<\/div>\n\t\t\t\t<\/div>\n\t\t\t\t<\/div>\n\t\t","protected":false},"excerpt":{"rendered":"<p>In\u00edcio \u00a0 Sobre Recursos Educacionais Oficinas X Contato Explore os trabalhos divididos por categorias Boas-vindas \u00e0 galeria de obras! Aqui, [&hellip;]<\/p>\n","protected":false},"author":1,"featured_media":0,"parent":0,"menu_order":0,"comment_status":"closed","ping_status":"closed","template":"elementor_canvas","meta":{"_acf_changed":false,"site-sidebar-layout":"no-sidebar","site-content-layout":"","ast-site-content-layout":"full-width-container","site-content-style":"default","site-sidebar-style":"default","ast-global-header-display":"","ast-banner-title-visibility":"","ast-main-header-display":"","ast-hfb-above-header-display":"","ast-hfb-below-header-display":"","ast-hfb-mobile-header-display":"","site-post-title":"disabled","ast-breadcrumbs-content":"","ast-featured-img":"disabled","footer-sml-layout":"","theme-transparent-header-meta":"default","adv-header-id-meta":"","stick-header-meta":"","header-above-stick-meta":"","header-main-stick-meta":"","header-below-stick-meta":"","astra-migrate-meta-layouts":"set","ast-page-background-enabled":"default","ast-page-background-meta":{"desktop":{"background-color":"var(--ast-global-color-4)","background-image":"","background-repeat":"repeat","background-position":"center center","background-size":"auto","background-attachment":"scroll","background-type":"","background-media":"","overlay-type":"","overlay-color":"","overlay-gradient":""},"tablet":{"background-color":"","background-image":"","background-repeat":"repeat","background-position":"center center","background-size":"auto","background-attachment":"scroll","background-type":"","background-media":"","overlay-type":"","overlay-color":"","overlay-gradient":""},"mobile":{"background-color":"","background-image":"","background-repeat":"repeat","background-position":"center center","background-size":"auto","background-attachment":"scroll","background-type":"","background-media":"","overlay-type":"","overlay-color":"","overlay-gradient":""}},"ast-content-background-meta":{"desktop":{"background-color":"var(--ast-global-color-5)","background-image":"","background-repeat":"repeat","background-position":"center center","background-size":"auto","background-attachment":"scroll","background-type":"","background-media":"","overlay-type":"","overlay-color":"","overlay-gradient":""},"tablet":{"background-color":"var(--ast-global-color-5)","background-image":"","background-repeat":"repeat","background-position":"center center","background-size":"auto","background-attachment":"scroll","background-type":"","background-media":"","overlay-type":"","overlay-color":"","overlay-gradient":""},"mobile":{"background-color":"var(--ast-global-color-5)","background-image":"","background-repeat":"repeat","background-position":"center center","background-size":"auto","background-attachment":"scroll","background-type":"","background-media":"","overlay-type":"","overlay-color":"","overlay-gradient":""}},"footnotes":""},"class_list":["post-197","page","type-page","status-publish","hentry"],"acf":[],"_links":{"self":[{"href":"https:\/\/lavi2.ic.ufmt.br\/davinaescola\/wp-json\/wp\/v2\/pages\/197","targetHints":{"allow":["GET"]}}],"collection":[{"href":"https:\/\/lavi2.ic.ufmt.br\/davinaescola\/wp-json\/wp\/v2\/pages"}],"about":[{"href":"https:\/\/lavi2.ic.ufmt.br\/davinaescola\/wp-json\/wp\/v2\/types\/page"}],"author":[{"embeddable":true,"href":"https:\/\/lavi2.ic.ufmt.br\/davinaescola\/wp-json\/wp\/v2\/users\/1"}],"replies":[{"embeddable":true,"href":"https:\/\/lavi2.ic.ufmt.br\/davinaescola\/wp-json\/wp\/v2\/comments?post=197"}],"version-history":[{"count":75,"href":"https:\/\/lavi2.ic.ufmt.br\/davinaescola\/wp-json\/wp\/v2\/pages\/197\/revisions"}],"predecessor-version":[{"id":1225,"href":"https:\/\/lavi2.ic.ufmt.br\/davinaescola\/wp-json\/wp\/v2\/pages\/197\/revisions\/1225"}],"wp:attachment":[{"href":"https:\/\/lavi2.ic.ufmt.br\/davinaescola\/wp-json\/wp\/v2\/media?parent=197"}],"curies":[{"name":"wp","href":"https:\/\/api.w.org\/{rel}","templated":true}]}}